 - 3?
a8078
In base 7, what is -5256 + 605?
-4351
In base 6, what is 242411 + 1?
242412
In base 12, what is 6 - 24192?
-24188
In base 14, what is 12 - 37541?
-3752d
In base 14, what is 288 - 350?
-a6
In base 5, what is -231 + -1213?
-1444
In base 9, what is -26678 + 3?
-26675
In base 10, what is 1 - 11527?
-11526
In base 13, what is 1305 + -10?
12c5
In base 9, what is -188 + 1154?
855
In base 16, what is -e2 + 4?
-de
In base 4, what is -3122100 - -3?
-3122031
In base 7, what is -1 - 5525456?
-5525460
In base 12, what is 18 + -6175?
-6159
In base 5, what is 32 - -42102?
42134
In base 16, what is -2453 - 1c?
-246f
In base 3, what is -11 - 11012?
-11100
In base 15, what is a36b + 4?
a370
In base 8, what is -11341 - -4?
-11335
In base 12, what is -100 + 160b?
150b
In base 4, what is 2320031 + 2012?
2322103
In base 11, what is 0 + 149001?
149001
In base 11, what is -5 - -1341a?
13415
In base 12, what is 17 - -8b59?
8b74
In base 5, what is 3040 + 103004?
111044
In base 12, what is 29b + -1782?
-14a3
In base 8, what is 40 + 30336?
30376
In base 14, what is 5 + -cc3?
-cbc
In base 15, what is -49 + d00?
ca6
In base 4, what is -1112122133 - -30?
-1112122103
In base 13, what is -48250 + -4?
-48254
In base 16, what is -5 + 6936?
6931
In base 8, what is 67 + 1166?
1255
In base 4, what is 101001213202 + -1?
101001213201
In base 7, what is -43151 - 225?
-43406
In base 10, what is 1392 + 4?
1396
In base 15, what is -96 - -3d?
-58
In base 16, what is 3 - 3dea?
-3de7
In base 8, what is 30757 + -5?
30752
In base 12, what is -543692 + -1?
-543693
In base 6, what is 1143310 + -1?
1143305
In base 2, what is -10110010 + 10111001101010?
10110110111000
In base 5, what is 1131 - 11102?
-4421
In base 5, what is 2340430013 - -4?
2340430022
In base 6, what is 2 + 445220?
445222
In base 15, what is -1bd - 4aa1?
-4c6e
In base 14, what is -3 - 9048?
-904b
In base 15, what is 78c + -6b?
721
In base 8, what is -121700 + 36?
-121642
In base 10, what is 18 + 1659?
1677
In base 14, what is 3a68 - -76?
3b00
In base 10, what is -37 + -3580?
-3617
In base 2, what is 1101011001 - -10110010?
10000001011
In base 10, what is 13 - 36064?
-36051
In base 15, what is -2 - 49dbc?
-49dbe
In base 4, what is -10332 - 1202303?
-1213301
In base 12, what is -1b344 - 3?
-1b347
In base 12, what is -62 - 1044?
-10a6
In base 8, what is -770 + 264?
-504
In base 3, what is -111022010 - -2?
-111022001
In base 14, what is -3 + 2d819?
2d816
In base 6, what is -1 - -303414?
303413
In base 10, what is 7090 - 9?
7081
In base 9, what is -4 + -161558?
-161563
In base 15, what is 1c60a - 3?
1c607
In base 14, what is -2 - b6067?
-b6069
In base 11, what is -1530 + -455?
-1985
In base 7, what is -321 + 124?
-164
In base 9, what is 8 + -138123?
-138114
In base 5, what is 2 - -1214123?
1214130
In base 6, what is 52423 + -33?
52350
In base 13, what is 2 + 20186?
20188
In base 12, what is -130 - -73a?
60a
In base 2, what is 110111010011 + 10?
110111010101
In base 2, what is 1110111110101 - 100?
1110111110001
In base 8, what is -650 - 35?
-705
In base 5, what is -11133 - 1?
-11134
In base 4, what is -20120322100 + -10?
-20120322110
In base 4, what is 10 - 311223111?
-311223101
In base 4, what is -11 - 131333100?
-131333111
In base 10, what is 660352 - 5?
660347
In base 10, what is -1886 + 443?
-1443
In base 7, what is -1163 - -6560?
5364
In base 4, what is 332 - 1011133?
-1010201
In base 15, what is 4 - 23817?
-23813
In base 9, what is -4 - -24442?
24437
In base 14, what is -3d17 + 1a?
-3cdb
In base 14, what is -3 - -1a24c?
1a249
In base 2, what is -1101101101010 + -10001001?
-1101111110011
In base 13, what is -1cb35 + -3?
-1cb38
In base 4, what is -1 + -1123213?
-1123220
In base 11, what is -8 - 52841?
-52849
In base 2, what is -1010011 + -1010000101010?
-1010001111101
In base 16, what is 6620 + -4?
661c
In base 8, what is 334 + -21?
313
In base 3, what is -12022 - 21222000?
-22011022
In base 11, what is -8059108 - 3?
-8059110
In base 14, what is 5 - -104a5?
104aa
In base 10, what is 8 + 2214?
2222
In base 10, what is -4 + -41179?
-41183
In base 2, what is 1110010 + -11110101?
-10000011
In base 7, what is 4 - 112553?
-112546
In base 14, what is -1c8 + -264?
-44c
In base 5, what is -1144410 - -4?
-1144401
In base 3, what is -12 + 222022101210?
222022101121
In base 13, what is -5 - 147546?
-14754b
In base 15, what is -370 - 3b?
-3ab
In base 9, what is -107 + 25?
-72
In base 14, what is 11 - 260?
-24d
In base 6, what is 1 + -30555505?
-30555504
In base 11, what is -5 - -7277?
7272
In base 15, what is 7 + 952?
959
In base 8, what is -141354 + -27?
-141403
In base 10, what is 109521 + -2?
109519
In base 3, what is -1202010101202 + 12?
-1202010101120
In base 4, what is 1010 + -10101332?
-10100322
In base 5, what is 3 + -242011331?
-242011323
In base 2, what is 101001 - 111110010?
-111001001
In base 12, what is -4 - 1a1a0?
-1a1a4
In base 12, what is -4 - -2344b2?
2344aa
In base 8, what is 261 - -43443?
43724
In base 5, what is 2431 - 10400?
-2414
In base 3, what is -1012 - -110001?
101212
In base 13, what is 905644 + 2?
905646
In base 12, what is 482aa + 6?
482b4
In base 5, what is -4 - 411403?
-411412
In base 6, what is 24 - -2533033?
2533101
In base 12, what is -11409 - -1?
-11408
In base 11, what is 30 + 512?
542
In base 15, what is 111e3 - -1?
111e4
In base 6, what is 11 + 230?
241
In base 15, what is -4b - c07?
-c53
In base 9, what is -7 - 6344?
-6352
In base 14, what is -837b + 1d?
-835c
In base 9, what is 3 + 13754?
13757
In base 14, what is -cc5b - -6?
-cc55
In base 16, what is -30 - 1c9?
-1f9
In base 9, what is -1316837 + -1?
-1316838
In base 14, what is -25 - -25a?
235
In base 9, what is 108874 + -2?
108872
In base 7, what is 651446 + 2?
651451
In base 3, what is 100001 + -112202?
-12201
In base 4, what is -2 + 1022213233?
1022213231
In base 5, what is -32140 + 22?
-32113
In base 6, what is -4432 - 13?
-4445
In base 13, what is 0 - 761a4?
-761a4
In base 3, what is -11120102 + -10220?
-11201022
In base 4, what is 203112231 + -11?
203112220
In base 9, what is -1406 + 1604?
187
In base 6, what is -25015 - 505?
-25524
In base 15, what is 2 + 6ccb?
6ccd
In base 12, what is 37b50 + 4?
37b54
In base 15, what is 223 - a1?
172
In base 12, what is 251 - -2b?
280
In base 15, what is -11857 + -4?
-1185b
In base 12, what is 2 + 2421?
2423
In base 10, what is -123 - -200?
77
In base 15, what is -4a10 - 1a?
-4a2a
In base 6, what is 3341 - -331?
4112
In base 9, what is 487640 + -5?
487634
In base 11, what is 5154 - a?
5145
In base 3, what is 2010200201 - 1?
2010200200
In base 4, what is 32322 - -221?
33203
In base 8, what is -56215 + -200?
-56415
In base 3, what is 21 - -1210102102?
1210102200
In base 12, what is 22318 + 46?
22362
In base 14, what is -906 - -1d4?
-712
In base 6, what is 1302142 - 1?
1302141
In base 14, what is -99 + 529?
470
In base 5, what is 211 - 4202?
-3441
In base 7, what is 1465 + -2506?
-1011
In base 4, what is -1030121202 + -21?
-1030121223
In base 14, what is 0 + 42801?
42801
In base 10, what is -6 - 3047?
-3053
In base 9, what is 3 - 14574?
-14571
In base 16, what is 88 + 748?
7d0
In base 9, what is 114227 + 1?
114228
In base 6, what is 240 + -10244?
-10004
In base 2, what is 1 - 1001100010010010?
-1001100010010001
In base 14, what is -730 + 6?
-728
In base 7, what is -1 + -115044?
-115045
In base 6, what is 51510 + -1133?
50333
In base 5, what is -1013 + 213011?
211443
In base 15, what is -640 - d?
-64d
In base 5, what is -21123321 + 3?
-21123313
In base 16, what is 5 - 35fa?
-35f5
In base 14, what is -1 - -5c44?
5c43
In base 12, what is -4 + aab6?
aab2
In base 5, what is 301 - -1011312?
1012113
In base 4, what is -1 + 203201?
203200
In base 8, what is 1000 + 5303?
6303
In base 2, what is 101010110000 + -11?
101010101101
In base 13, what is 47b - 14c1?
-1043
In base 15, what is -3041 + -d7?
-3128
In base 12, what is 26007 + -1?
26006
In base 10, what is -178 - -1728?
1550
In base 15, what is 1ac432 - -1?
1ac433
In base 3, what is 22010022 - 2?
22010020
In base 9, what is -3 - 15521?
-15524
In base 11, what is -1019234 - -2?
-1019232
In base 15, what is -a7 - -20b?
154
In base 15, what is 4 - 361?
-35c
In base 14, what is -5 + -72b36?
-72b3b
In base 14, what is -c9 + -aa?
-195
In base 8, what is 57 -